pose 24 = q + 3*q - 2*g, -40 = -3*q - 4*g. Let r = q + 0. Calculate the highest common factor of k and r.
4
Let o(k) = 13*k**2 - 5*k - 3. Let s be o(-4). Suppose -4*n = -7*n + s. Suppose 0 = 37*c - 38*c + 25. What is the highest common factor of n and c?
25
Let s be (-1748)/(-10) + 159/795. What is the greatest common divisor of 280 and s?
35
Let t be (17 + -16)*7*1. Suppose -5*i - 2*k + t = 0, 2*i + 14 = -4*k - k. Let r be (i/(-15))/(5/(-50)). Calculate the highest common factor of r and 5.
1
Let o be (2 + 217*-2)*(-114)/76. What is the greatest common divisor of o and 81?
81
Let r be (-4)/(-14) + 3354/21. Suppose -3*q - 2*h + 22 = 0, -92 + 116 = 4*q + 4*h. What is the greatest common divisor of r and q?
10
Let c(y) = 3*y + 5. Let h be c(-5). Let m be (h/6)/(15/(-18)). Suppose 0 = -z - m*z + 39. What is the greatest common divisor of z and 13?
13
Let j be (0 + -3)*-1*7. Let d be 1/(3 - 4)*-12. Suppose -14*c + d*c = -14. Calculate the greatest common divisor of j and c.
7
Let h be (-9)/((-27)/(-6))*-16. Calculate the highest common factor of h and 192.
32
Suppose 1864 = 8*n - 1496. What is the highest common divisor of 7 and n?
7
Suppose -813 = t - 1229. Calculate the greatest common divisor of t and 32.
32
Suppose -3*n = -0*s + 2*s + 59, 2*s = -n - 69. Let u = 3 - s. Let b = 917 + -897. What is the highest common divisor of u and b?
20
Let l(v) = -16*v + 270. Let z be l(16). Let k be (28/3)/((-2)/(-21)). What is the highest common factor of z and k?
14
Let c be 5 + -1 - 51/(-1). Suppose i = 0, -5*w = -3*i + i - 110. Calculate the highest common divisor of c and w.
11
Let u = -129 + 219. Suppose -5*y + 185 = -u. Let d be (-35)/((-490)/84) + (8 - 3). Calculate the highest common divisor of d and y.
11
Let i be (9/(-2))/((-2)/116). Suppose -p = 4*n - 41, -2*p - 26*n + 25*n + 61 = 0. What is the highest common divisor of p and i?
29
Let v be 1/(3/3 - 62/64). Let f(c) = 9*c**2 + 3*c + 4. Let k be f(4). Calculate the greatest common factor of v and k.
32
Let q(h) = -h**2 + 11*h + 555. Let k be q(0). What is the greatest common factor of 30 and k?
15
Let y = 98 - 95. Calculate the greatest common divisor of y and 33.
3
Suppose 4*z = 7*z - 2*j - 2168, 4*j + 1456 = 2*z. What is the greatest common factor of z and 45?
45
Let v = 137 - 77. Calculate the greatest common factor of 15 and v.
15
Let o be 730/22 - (-24)/(-132). What is the greatest common divisor of 143 and o?
11
Let d be (-2945)/(-9) - (-148)/(-666). What is the greatest common divisor of d and 1526?
109
Let f be 48 + (-28)/((-35)/5). Let a be (-4)/14 + (-368)/(-14). What is the greatest common factor of f and a?
26
Suppose 0 = -14*j - 32*j + 1518. What is the highest common factor of j and 814?
11
Suppose 22*j = 19*j + 6. Suppose 5*w - 125 = -j*r + 41, 0 = 4*w - 4*r - 116. Calculate the greatest common factor of 48 and w.
16
Let o = -13 + 7. Let m = o - -6. Suppose 0 = 2*l - m*l - 48. Calculate the greatest common factor of l and 24.
24
Let i = -12 - -22. Suppose 170 + 62 = 8*m. Let h = 21 + m. Calculate the greatest common divisor of i and h.
10
Let y(h) = h**3 - 18*h**2 + 46*h + 15. Let a be y(15). What is the greatest common divisor of a and 105?
15
Suppose -5*d + 973 = -3*h, -3*h + 401 + 202 = 3*d. Let p = d - 141. Let w be 142/5 - (-2)/(-5). Calculate the highest common factor of w and p.
28
Suppose 0 = -7*a - 5*a + 1296. Let h be (-60)/(-2)*(-4)/(-10). Calculate the greatest common factor of a and h.
12
Let j(s) = 203*s**2 - 80*s + 306. Let g be j(4). What is the highest common divisor of g and 66?
66
Let m be 191 + ((-2)/(-6))/(1/(-6)). Calculate the highest common divisor of 7 and m.
7
Let f be (-4)/6*(-1 - 49/2). Let i = -29 + 131. Calculate the greatest common divisor of i and f.
17
Suppose 70 = 3*h - h. Suppose 4*q + 2*i = 7*i + 18, 5*q - 2*i - 31 = 0. Calculate the greatest common divisor of h and q.
7
Let l = -33 - -75. Calculate the greatest common divisor of l and 14.
14
Let r(v) = v**3 + 9*v**2 - 22*v + 14. Let x(q) = -q**2 - 16*q - 11. Let f be x(-16). Let n be r(f). Calculate the highest common divisor of 14 and n.
14
Let l = -32 - -60. Let x be (l/(-14))/((-1)/17). What is the highest common divisor of 85 and x?
17
Let i be (-1*1)/((-6 + 0)/168). What is the highest common factor of i and 658?
14
Suppose 2*q + 2 = q. Let c be (q - -1) + (-28)/(-4). Suppose 0 = r - c*r + 20. What is the highest common factor of 1 and r?
1
Let m be 24*(9 + 28/(-8)). What is the highest common divisor of m and 176?
44
Let y be -4 + 0 + 1 - 1005/(-15). What is the greatest common factor of 40 and y?
8
Let s(j) = -426*j - 1632. Let g be s(-4). Suppose -60 = -3*a - 2*a - 5*f, 3*a + f - 28 = 0. What is the highest common factor of g and a?
8
Let c be 1*2/4*(100 - 50). What is the greatest common divisor of c and 80?
5
Let z be 223/1 + 2/((-6)/9). Calculate the greatest common factor of 11 and z.
11
Let w be (-245)/(-225)*21 - (-2)/15. What is the highest common divisor of 92 and w?
23
Let a(n) = 7*n - 26. Let h be a(4). Suppose -3*b + h = -1. Calculate the highest common divisor of b and 1.
1
Let l(i) = 10*i**2 - i - 1. Let k be l(-1). Suppose -3*f - 468 = -528. Calculate the greatest common factor of f and k.
10
Let q = -22 - -12. Let j = q + 4. Let w = j + 10. Calculate the highest common factor of 1 and w.
1
Suppose 2*h - v = -0*h + 1, 4*v + 13 = -h. Let c be (2 - h)/(2 - 183/96). What is the highest common divisor of c and 128?
32
Suppose 7*x + 715 = -769. Let f = x + 297. What is the highest common factor of 5 and f?
5
Let f(k) = k + 2. Let x be f(0). Let r = 45 + -39. Suppose r*t - 10 = t. What is the highest common divisor of t and x?
2
Suppose 0*l = 2*l - 66. Suppose -3*q = -3*y - 18, -q - y = q - 3. Let r be ((-1)/(-1))/(q/l). Calculate the greatest common factor of r and 44.
11
Let z = -29 - -57. Suppose -10*s + 5*s = 3*l - 56, 4*l = -2*s + 56. What is the highest common factor of z and l?
4
Suppose 7*l - 1020 = 443. What is the greatest common factor of l and 55?
11
Suppose -223 = -3*f + 287. What is the greatest common divisor of f and 102?
34
Let s be (-88)/(-12)*((-9690)/20)/(-19). Calculate the highest common divisor of s and 11.
11
Let u(w) = 4*w**3 - 2*w**2 + w - 2. Let i be u(2). Let p = -12 - -17. Suppose -i - 41 = -p*n. Calculate the greatest common factor of n and 65.
13
Let n = 358 - 326. Calculate the greatest common divisor of n and 2.
2
Let o be ((-4)/(-5))/(3 + 1141/(-385)). Let v = 43 - 5. Let n = v - o. What is the greatest common divisor of n and 64?
16
Let j(f) = 3*f - 17. Let s = -17 + 23. Let z be j(s). What is the greatest common divisor of z and 1?
1
Let r be (-3)/(-6) + (-279)/(-6). Let u = 75 - r. Calculate the greatest common divisor of 14 and u.
14
Let w(x) = -71*x**3 - 2*x - 1. Let d be w(-1). Suppose 3*b - 6*b = -d. Let p be (-2 - (3 + -1))*-2. Calculate the highest common divisor of p and b.
8
Suppose 0 = -r + 4*p + 2956, 0 = 8*r - 6*r + 2*p - 5962. What is the greatest common divisor of r and 93?
93
Suppose 7*q + 320 = 23*q. Calculate the highest common divisor of q and 260.
20
Suppose -y + 10 = y. Suppose -2*i - 26 = -p - 0*p, y*p - i - 112 = 0. Suppose -p*x - 24 = -26*x. Calculate the highest common factor of x and 30.
6
Let a be (-641280)/(-390) + 8/(-26). What is the greatest common factor of 12 and a?
12
Suppose 0*w - 64 = -4*w. Let s(n) = 13*n - 48. Let m be s(4). What is the highest common divisor of w and m?
4
Suppose -3*b = -2*f + 186, -5*f + 382 = 5*b - 33. Let w = f + -78. What is the greatest common divisor of w and 18?
9
Let m be (14 + -8)*(1 + 1). Let c be (-8)/(-3)*(m + 0). Let t be 6/(-4)*(-96)/18. Calculate the greatest common divisor of t and c.
8
Let r be 0/(-3)*9/(-18). Let w(o) = o + 126. Let a be w(r). Suppose -10 - 8 = -f. Calculate the greatest common factor of f and a.
18
Suppose 0*q + 15*q = 1485. Let h = 183 - q. Calculate the greatest common divisor of h and 7.
7
Suppose 71 = 3*s + 3*b - 91, 2*b + 228 = 4*s. What is the highest common divisor of s and 472?
8
Suppose 2*j = -14 + 24. Let q be (76/(-20) - j)/((-4)/50). Let h(z) = 15*z - 1. Let s be h(3). Calculate the greatest common divisor of s and q.
22
Let b = -7 - -15. Suppose -5*s = -o + 6*o, -3*o + b = -s. Suppose 0 = -3*u, -8*r = -6*r + 3*u - 2. Calculate the greate